[INFO] fetching crate vimwiki 0.1.0-alpha.5...
[INFO] building vimwiki-0.1.0-alpha.5 against master#881c1ac408d93bb7adaa3a51dabab9266e82eee8 for issue-85264
[INFO] extracting crate vimwiki 0.1.0-alpha.5 into /workspace/builds/worker-11/source
[INFO] validating manifest of crates.io crate vimwiki 0.1.0-alpha.5 on toolchain 881c1ac408d93bb7adaa3a51dabab9266e82eee8
[INFO] running `Command { std: "/workspace/cargo-home/bin/cargo" "+881c1ac408d93bb7adaa3a51dabab9266e82eee8" "metadata" "--manifest-path" "Cargo.toml" "--no-deps", kill_on_drop: false }`
[INFO] started tweaking crates.io crate vimwiki 0.1.0-alpha.5
[INFO] finished tweaking crates.io crate vimwiki 0.1.0-alpha.5
[INFO] tweaked toml for crates.io crate vimwiki 0.1.0-alpha.5 written to /workspace/builds/worker-11/source/Cargo.toml
[INFO] running `Command { std: "/workspace/cargo-home/bin/cargo" "+881c1ac408d93bb7adaa3a51dabab9266e82eee8" "generate-lockfile" "--manifest-path" "Cargo.toml" "-Zno-index-update", kill_on_drop: false }`
[INFO] running `Command { std: "/workspace/cargo-home/bin/cargo" "+881c1ac408d93bb7adaa3a51dabab9266e82eee8" "fetch" "--manifest-path" "Cargo.toml", kill_on_drop: false }`
[INFO] [stderr]     Blocking waiting for file lock on package cache
[INFO] [stderr]     Blocking waiting for file lock on package cache
[INFO] [stderr]  Downloading crates ...
[INFO] [stderr]   Downloaded indoc v1.0.3
[INFO] running `Command { std: "docker" "create" "-v" "/var/lib/crater-agent-workspace/builds/worker-11/target:/opt/rustwide/target:rw,Z" "-v" "/var/lib/crater-agent-workspace/builds/worker-11/source:/opt/rustwide/workdir:ro,Z" "-v" "/var/lib/crater-agent-workspace/cargo-home:/opt/rustwide/cargo-home:ro,Z" "-v" "/var/lib/crater-agent-workspace/rustup-home:/opt/rustwide/rustup-home:ro,Z" "-e" "SOURCE_DIR=/opt/rustwide/workdir" "-e" "CARGO_TARGET_DIR=/opt/rustwide/target" "-e" "CARGO_HOME=/opt/rustwide/cargo-home" "-e" "RUSTUP_HOME=/opt/rustwide/rustup-home" "-w" "/opt/rustwide/workdir" "-m" "1610612736" "--user" "0:0" "--network" "none" "ghcr.io/rust-lang/crates-build-env/linux@sha256:20528e8c29e4536546f0102ce88568b16ea7538393a33fcca951030f7af10457" "/opt/rustwide/cargo-home/bin/cargo" "+881c1ac408d93bb7adaa3a51dabab9266e82eee8" "metadata" "--no-deps" "--format-version=1", kill_on_drop: false }`
[INFO] [stdout] 31afd803d3001b6cd72331e5f3e5312356f594702cd7b8493394699a0424f90a
[INFO] [stderr] WARNING: Your kernel does not support swap limit capabilities or the cgroup is not mounted. Memory limited without swap.
[INFO] running `Command { std: "docker" "start" "-a" "31afd803d3001b6cd72331e5f3e5312356f594702cd7b8493394699a0424f90a", kill_on_drop: false }`
[INFO] running `Command { std: "docker" "inspect" "31afd803d3001b6cd72331e5f3e5312356f594702cd7b8493394699a0424f90a", kill_on_drop: false }`
[INFO] running `Command { std: "docker" "rm" "-f" "31afd803d3001b6cd72331e5f3e5312356f594702cd7b8493394699a0424f90a", kill_on_drop: false }`
[INFO] [stdout] 31afd803d3001b6cd72331e5f3e5312356f594702cd7b8493394699a0424f90a
[INFO] running `Command { std: "docker" "create" "-v" "/var/lib/crater-agent-workspace/builds/worker-11/target:/opt/rustwide/target:rw,Z" "-v" "/var/lib/crater-agent-workspace/builds/worker-11/source:/opt/rustwide/workdir:ro,Z" "-v" "/var/lib/crater-agent-workspace/cargo-home:/opt/rustwide/cargo-home:ro,Z" "-v" "/var/lib/crater-agent-workspace/rustup-home:/opt/rustwide/rustup-home:ro,Z" "-e" "SOURCE_DIR=/opt/rustwide/workdir" "-e" "CARGO_TARGET_DIR=/opt/rustwide/target" "-e" "CARGO_INCREMENTAL=0" "-e" "RUST_BACKTRACE=full" "-e" "RUSTFLAGS=--cap-lints=forbid" "-e" "CARGO_HOME=/opt/rustwide/cargo-home" "-e" "RUSTUP_HOME=/opt/rustwide/rustup-home" "-w" "/opt/rustwide/workdir" "-m" "1610612736" "--user" "0:0" "--network" "none" "ghcr.io/rust-lang/crates-build-env/linux@sha256:20528e8c29e4536546f0102ce88568b16ea7538393a33fcca951030f7af10457" "/opt/rustwide/cargo-home/bin/cargo" "+881c1ac408d93bb7adaa3a51dabab9266e82eee8" "build" "--frozen" "--message-format=json", kill_on_drop: false }`
[INFO] [stdout] 135047ac712b34b7c518e99014635e715ebaa760f5cdfa87a1855ae7dc68c921
[INFO] [stderr] WARNING: Your kernel does not support swap limit capabilities or the cgroup is not mounted. Memory limited without swap.
[INFO] running `Command { std: "docker" "start" "-a" "135047ac712b34b7c518e99014635e715ebaa760f5cdfa87a1855ae7dc68c921", kill_on_drop: false }`
[INFO] [stderr]     Blocking waiting for file lock on package cache
[INFO] [stderr]    Compiling syn v1.0.72
[INFO] [stderr]    Compiling autocfg v1.0.1
[INFO] [stderr]    Compiling libc v0.2.95
[INFO] [stderr]    Compiling cfg-if v1.0.0
[INFO] [stderr]    Compiling static_assertions v1.1.0
[INFO] [stderr]    Compiling lazy_static v1.4.0
[INFO] [stderr]    Compiling fnv v1.0.7
[INFO] [stderr]    Compiling numerals v0.1.4
[INFO] [stderr]    Compiling bytecount v0.6.2
[INFO] [stderr]    Compiling nom v5.1.2
[INFO] [stderr]    Compiling lexical-core v0.7.6
[INFO] [stderr]    Compiling num-traits v0.2.14
[INFO] [stderr]    Compiling num-integer v0.1.44
[INFO] [stderr]    Compiling time v0.1.44
[INFO] [stderr]    Compiling serde_derive v1.0.126
[INFO] [stderr]    Compiling derive_more v0.99.14
[INFO] [stderr]    Compiling serde v1.0.126
[INFO] [stderr]    Compiling uriparse v0.6.3
[INFO] [stderr]    Compiling chrono v0.4.19
[INFO] [stderr]    Compiling vimwiki v0.1.0-alpha.5 (/opt/rustwide/workdir)
[INFO] [stderr]     Finished dev [unoptimized + debuginfo] target(s) in 41.41s
[INFO] running `Command { std: "docker" "inspect" "135047ac712b34b7c518e99014635e715ebaa760f5cdfa87a1855ae7dc68c921", kill_on_drop: false }`
[INFO] running `Command { std: "docker" "rm" "-f" "135047ac712b34b7c518e99014635e715ebaa760f5cdfa87a1855ae7dc68c921", kill_on_drop: false }`
[INFO] [stdout] 135047ac712b34b7c518e99014635e715ebaa760f5cdfa87a1855ae7dc68c921
[INFO] running `Command { std: "docker" "create" "-v" "/var/lib/crater-agent-workspace/builds/worker-11/target:/opt/rustwide/target:rw,Z" "-v" "/var/lib/crater-agent-workspace/builds/worker-11/source:/opt/rustwide/workdir:ro,Z" "-v" "/var/lib/crater-agent-workspace/cargo-home:/opt/rustwide/cargo-home:ro,Z" "-v" "/var/lib/crater-agent-workspace/rustup-home:/opt/rustwide/rustup-home:ro,Z" "-e" "SOURCE_DIR=/opt/rustwide/workdir" "-e" "CARGO_TARGET_DIR=/opt/rustwide/target" "-e" "CARGO_INCREMENTAL=0" "-e" "RUST_BACKTRACE=full" "-e" "RUSTFLAGS=--cap-lints=forbid" "-e" "CARGO_HOME=/opt/rustwide/cargo-home" "-e" "RUSTUP_HOME=/opt/rustwide/rustup-home" "-w" "/opt/rustwide/workdir" "-m" "1610612736" "--user" "0:0" "--network" "none" "ghcr.io/rust-lang/crates-build-env/linux@sha256:20528e8c29e4536546f0102ce88568b16ea7538393a33fcca951030f7af10457" "/opt/rustwide/cargo-home/bin/cargo" "+881c1ac408d93bb7adaa3a51dabab9266e82eee8" "test" "--frozen" "--no-run" "--message-format=json", kill_on_drop: false }`
[INFO] [stdout] 6b47ea1fd298d070dd842948b9d4398daeae8cd3eca346a215df52087a43e48f
[INFO] [stderr] WARNING: Your kernel does not support swap limit capabilities or the cgroup is not mounted. Memory limited without swap.
[INFO] running `Command { std: "docker" "start" "-a" "6b47ea1fd298d070dd842948b9d4398daeae8cd3eca346a215df52087a43e48f", kill_on_drop: false }`
[INFO] [stderr]    Compiling crossbeam-utils v0.8.5
[INFO] [stderr]    Compiling crossbeam-epoch v0.9.5
[INFO] [stderr]    Compiling rayon-core v1.9.1
[INFO] [stderr]    Compiling itoa v0.4.7
[INFO] [stderr]    Compiling unindent v0.1.7
[INFO] [stderr]    Compiling memoffset v0.6.4
[INFO] [stderr]    Compiling rayon v1.5.1
[INFO] [stderr]    Compiling itertools v0.10.0
[INFO] [stderr]    Compiling walkdir v2.3.2
[INFO] [stderr]    Compiling num_cpus v1.13.0
[INFO] [stderr]    Compiling csv-core v0.1.10
[INFO] [stderr]    Compiling clap v2.33.3
[INFO] [stderr]    Compiling atty v0.2.14
[INFO] [stderr]    Compiling plotters v0.3.1
[INFO] [stderr]    Compiling bstr v0.2.16
[INFO] [stderr]    Compiling serde_cbor v0.11.1
[INFO] [stderr]    Compiling criterion-plot v0.4.3
[INFO] [stderr]    Compiling serde_json v1.0.64
[INFO] [stderr]    Compiling indoc v1.0.3
[INFO] [stderr]    Compiling crossbeam-channel v0.5.1
[INFO] [stderr]    Compiling crossbeam-deque v0.8.0
[INFO] [stderr]    Compiling csv v1.1.6
[INFO] [stderr]    Compiling tinytemplate v1.2.1
[INFO] [stderr]    Compiling criterion v0.3.4
[INFO] [stderr]    Compiling vimwiki v0.1.0-alpha.5 (/opt/rustwide/workdir)
[INFO] [stdout] error[E0432]: unresolved import `vimwiki_macros`
[INFO] [stdout]  --> tests/integration/pandoc_vimwiki_reader.rs:3:5
[INFO] [stdout]   |
[INFO] [stdout] 3 | use vimwiki_macros::*;
[INFO] [stdout]   |     ^^^^^^^^^^^^^^ use of undeclared crate or module `vimwiki_macros`
[INFO] [stdout] 
[INFO] [stdout] 
[INFO] [stdout] error[E0432]: unresolved import `vimwiki_macros`
[INFO] [stdout]  --> tests/integration/vimwiki_wiki_index_page.rs:3:5
[INFO] [stdout]   |
[INFO] [stdout] 3 | use vimwiki_macros::*;
[INFO] [stdout]   |     ^^^^^^^^^^^^^^ use of undeclared crate or module `vimwiki_macros`
[INFO] [stdout] 
[INFO] [stdout] 
[INFO] [stdout] error[E0432]: unresolved import `vimwiki_macros`
[INFO] [stdout]  --> tests/integration/vimwiki_wiki_related_tools_page.rs:3:5
[INFO] [stdout]   |
[INFO] [stdout] 3 | use vimwiki_macros::*;
[INFO] [stdout]   |     ^^^^^^^^^^^^^^ use of undeclared crate or module `vimwiki_macros`
[INFO] [stdout] 
[INFO] [stdout] 
[INFO] [stdout] error[E0432]: unresolved import `vimwiki_macros`
[INFO] [stdout]  --> tests/integration/vimwiki_wiki_tips_and_snips_page.rs:3:5
[INFO] [stdout]   |
[INFO] [stdout] 3 | use vimwiki_macros::*;
[INFO] [stdout]   |     ^^^^^^^^^^^^^^ use of undeclared crate or module `vimwiki_macros`
[INFO] [stdout] 
[INFO] [stdout] 
[INFO] [stdout] error[E0432]: unresolved import `vimwiki_macros`
[INFO] [stdout]  --> tests/integration/vimwiki_wiki_troubleshooting_page.rs:3:5
[INFO] [stdout]   |
[INFO] [stdout] 3 | use vimwiki_macros::*;
[INFO] [stdout]   |     ^^^^^^^^^^^^^^ use of undeclared crate or module `vimwiki_macros`
[INFO] [stdout] 
[INFO] [stdout] 
[INFO] [stdout] error: cannot find macro `vimwiki_header` in this scope
[INFO] [stdout]   --> tests/integration/pandoc_vimwiki_reader.rs:21:9
[INFO] [stdout]    |
[INFO] [stdout] 21 |         vimwiki_header!("= _*implemented*_ =").into(),
[INFO] [stdout]    |         ^^^^^^^^^^^^^^
[INFO] [stdout] 
[INFO] [stdout] 
[INFO] [stdout] error: cannot find macro `vimwiki_header` in this scope
[INFO] [stdout]   --> tests/integration/pandoc_vimwiki_reader.rs:22:9
[INFO] [stdout]    |
[INFO] [stdout] 22 |         vimwiki_header!("= header =").into(),
[INFO] [stdout]    |         ^^^^^^^^^^^^^^
[INFO] [stdout] 
[INFO] [stdout] 
[INFO] [stdout] error: cannot find macro `vimwiki_header` in this scope
[INFO] [stdout]   --> tests/integration/pandoc_vimwiki_reader.rs:23:9
[INFO] [stdout]    |
[INFO] [stdout] 23 |         vimwiki_header!("== header level two ==").into(),
[INFO] [stdout]    |         ^^^^^^^^^^^^^^
[INFO] [stdout] 
[INFO] [stdout] 
[INFO] [stdout] error: cannot find macro `vimwiki_header` in this scope
[INFO] [stdout]   --> tests/integration/pandoc_vimwiki_reader.rs:24:9
[INFO] [stdout]    |
[INFO] [stdout] 24 |         vimwiki_header!("=== header `level` 3 ===").into(),
[INFO] [stdout]    |         ^^^^^^^^^^^^^^
[INFO] [stdout] 
[INFO] [stdout] 
[INFO] [stdout] error: cannot find macro `vimwiki_header` in this scope
[INFO] [stdout]   --> tests/integration/pandoc_vimwiki_reader.rs:25:9
[INFO] [stdout]    |
[INFO] [stdout] 25 |         vimwiki_header!("==== header ~~level~~ four ====").into(),
[INFO] [stdout]    |         ^^^^^^^^^^^^^^
[INFO] [stdout] 
[INFO] [stdout] 
[INFO] [stdout] error: cannot find macro `vimwiki_header` in this scope
[INFO] [stdout]   --> tests/integration/pandoc_vimwiki_reader.rs:26:9
[INFO] [stdout]    |
[INFO] [stdout] 26 |         vimwiki_header!("===== header _*level* 5_ =====").into(),
[INFO] [stdout]    |         ^^^^^^^^^^^^^^
[INFO] [stdout] 
[INFO] [stdout] 
[INFO] [stdout] error: cannot find macro `vimwiki_header` in this scope
[INFO] [stdout]   --> tests/integration/pandoc_vimwiki_reader.rs:27:9
[INFO] [stdout]    |
[INFO] [stdout] 27 |         vimwiki_header!("====== header level 6 ======").into(),
[INFO] [stdout]    |         ^^^^^^^^^^^^^^
[INFO] [stdout] 
[INFO] [stdout] 
[INFO] [stdout] error: cannot find macro `vimwiki_paragraph` in this scope
[INFO] [stdout]   --> tests/integration/pandoc_vimwiki_reader.rs:28:9
[INFO] [stdout]    |
[INFO] [stdout] 28 |         vimwiki_paragraph!("======= not a header ========").into(),
[INFO] [stdout]    |         ^^^^^^^^^^^^^^^^^
[INFO] [stdout] 
[INFO] [stdout] 
[INFO] [stdout] error: cannot find macro `vimwiki_paragraph` in this scope
[INFO] [stdout]   --> tests/integration/pandoc_vimwiki_reader.rs:29:9
[INFO] [stdout]    |
[INFO] [stdout] 29 |         vimwiki_paragraph!("hi== not a header ==").into(),
[INFO] [stdout]    |         ^^^^^^^^^^^^^^^^^
[INFO] [stdout] 
[INFO] [stdout] 
[INFO] [stdout] error: cannot find macro `vimwiki_paragraph` in this scope
[INFO] [stdout]   --> tests/integration/pandoc_vimwiki_reader.rs:30:9
[INFO] [stdout]    |
[INFO] [stdout] 30 |         vimwiki_paragraph!("=== not a header ==").into(),
[INFO] [stdout]    |         ^^^^^^^^^^^^^^^^^
[INFO] [stdout] 
[INFO] [stdout] 
[INFO] [stdout] error: cannot find macro `vimwiki_paragraph` in this scope
[INFO] [stdout]   --> tests/integration/pandoc_vimwiki_reader.rs:31:9
[INFO] [stdout]    |
[INFO] [stdout] 31 |         vimwiki_paragraph!("=== not a header ===-").into(),
[INFO] [stdout]    |         ^^^^^^^^^^^^^^^^^
[INFO] [stdout] 
[INFO] [stdout] 
[INFO] [stdout] error: cannot find macro `vimwiki_paragraph` in this scope
[INFO] [stdout]   --> tests/integration/pandoc_vimwiki_reader.rs:32:9
[INFO] [stdout]    |
[INFO] [stdout] 32 |         vimwiki_paragraph!("not a header:").into(),
[INFO] [stdout]    |         ^^^^^^^^^^^^^^^^^
[INFO] [stdout] 
[INFO] [stdout] 
[INFO] [stdout] error: cannot find macro `vimwiki_header` in this scope
[INFO] [stdout]   --> tests/integration/pandoc_vimwiki_reader.rs:33:9
[INFO] [stdout]    |
[INFO] [stdout] 33 |         vimwiki_header!("=n=").into(),
[INFO] [stdout]    |         ^^^^^^^^^^^^^^
[INFO] [stdout] 
[INFO] [stdout] 
[INFO] [stdout] error: cannot find macro `vimwiki_paragraph` in this scope
[INFO] [stdout]   --> tests/integration/pandoc_vimwiki_reader.rs:34:9
[INFO] [stdout]    |
[INFO] [stdout] 34 |         vimwiki_paragraph!("=== not a header ====").into(),
[INFO] [stdout]    |         ^^^^^^^^^^^^^^^^^
[INFO] [stdout] 
[INFO] [stdout] 
[INFO] [stdout] error: cannot find macro `vimwiki_header_raw` in this scope
[INFO] [stdout]   --> tests/integration/pandoc_vimwiki_reader.rs:35:9
[INFO] [stdout]    |
[INFO] [stdout] 35 |         vimwiki_header_raw!(" == centred header ==").into(),
[INFO] [stdout]    |         ^^^^^^^^^^^^^^^^^^
[INFO] [stdout] 
[INFO] [stdout] 
[INFO] [stdout] error: cannot find macro `vimwiki_header` in this scope
[INFO] [stdout]   --> tests/integration/pandoc_vimwiki_reader.rs:36:9
[INFO] [stdout]    |
[INFO] [stdout] 36 |         vimwiki_header!("== header with some `==` in between ==").into(),
[INFO] [stdout]    |         ^^^^^^^^^^^^^^
[INFO] [stdout] 
[INFO] [stdout] 
[INFO] [stdout] error: cannot find macro `vimwiki_header` in this scope
[INFO] [stdout]   --> tests/integration/pandoc_vimwiki_reader.rs:37:9
[INFO] [stdout]    |
[INFO] [stdout] 37 |         vimwiki_header!("== header with some == in between ==").into(),
[INFO] [stdout]    |         ^^^^^^^^^^^^^^
[INFO] [stdout] 
[INFO] [stdout] 
[INFO] [stdout] error: cannot find macro `vimwiki_header` in this scope
[INFO] [stdout]   --> tests/integration/pandoc_vimwiki_reader.rs:38:9
[INFO] [stdout]    |
[INFO] [stdout] 38 |         vimwiki_header!("== header with some ==in between ==").into(),
[INFO] [stdout]    |         ^^^^^^^^^^^^^^
[INFO] [stdout] 
[INFO] [stdout] 
[INFO] [stdout] error: cannot find macro `vimwiki_header` in this scope
[INFO] [stdout]   --> tests/integration/pandoc_vimwiki_reader.rs:39:9
[INFO] [stdout]    |
[INFO] [stdout] 39 |         vimwiki_header!("== emph strong and strikeout ==").into(),
[INFO] [stdout]    |         ^^^^^^^^^^^^^^
[INFO] [stdout] 
[INFO] [stdout] 
[INFO] [stdout] error: cannot find macro `vimwiki_paragraph` in this scope
[INFO] [stdout]   --> tests/integration/pandoc_vimwiki_reader.rs:40:9
[INFO] [stdout]    |
[INFO] [stdout] 40 |         vimwiki_paragraph!("_emph_ *strong*").into(),
[INFO] [stdout]    |         ^^^^^^^^^^^^^^^^^
[INFO] [stdout] 
[INFO] [stdout] 
[INFO] [stdout] error: cannot find macro `vimwiki_paragraph` in this scope
[INFO] [stdout]   --> tests/integration/pandoc_vimwiki_reader.rs:41:9
[INFO] [stdout]    |
[INFO] [stdout] 41 |         vimwiki_paragraph!("*_strong and emph_*").into(),
[INFO] [stdout]    |         ^^^^^^^^^^^^^^^^^
[INFO] [stdout] 
[INFO] [stdout] 
[INFO] [stdout] error: cannot find macro `vimwiki_paragraph` in this scope
[INFO] [stdout]   --> tests/integration/pandoc_vimwiki_reader.rs:42:9
[INFO] [stdout]    |
[INFO] [stdout] 42 |         vimwiki_paragraph!("_*emph and strong*_").into(),
[INFO] [stdout]    |         ^^^^^^^^^^^^^^^^^
[INFO] [stdout] 
[INFO] [stdout] 
[INFO] [stdout] error: cannot find macro `vimwiki_paragraph` in this scope
[INFO] [stdout]   --> tests/integration/pandoc_vimwiki_reader.rs:43:9
[INFO] [stdout]    |
[INFO] [stdout] 43 |         vimwiki_paragraph!("*_emph inside_ strong*").into(),
[INFO] [stdout]    |         ^^^^^^^^^^^^^^^^^
[INFO] [stdout] 
[INFO] [stdout] 
[INFO] [stdout] error: cannot find macro `vimwiki_paragraph` in this scope
[INFO] [stdout]   --> tests/integration/pandoc_vimwiki_reader.rs:44:9
[INFO] [stdout]    |
[INFO] [stdout] 44 |         vimwiki_paragraph!("*strong with _emph_*").into(),
[INFO] [stdout]    |         ^^^^^^^^^^^^^^^^^
[INFO] [stdout] 
[INFO] [stdout] 
[INFO] [stdout] error: cannot find macro `vimwiki_paragraph` in this scope
[INFO] [stdout]   --> tests/integration/pandoc_vimwiki_reader.rs:45:9
[INFO] [stdout]    |
[INFO] [stdout] 45 |         vimwiki_paragraph!("_*strong inside* emph_").into(),
[INFO] [stdout]    |         ^^^^^^^^^^^^^^^^^
[INFO] [stdout] 
[INFO] [stdout] 
[INFO] [stdout] error: cannot find macro `vimwiki_paragraph` in this scope
[INFO] [stdout]   --> tests/integration/pandoc_vimwiki_reader.rs:46:9
[INFO] [stdout]    |
[INFO] [stdout] 46 |         vimwiki_paragraph!("_~~strikeout~~ inside emph_").into(),
[INFO] [stdout]    |         ^^^^^^^^^^^^^^^^^
[INFO] [stdout] 
[INFO] [stdout] 
[INFO] [stdout] error: cannot find macro `vimwiki_paragraph` in this scope
[INFO] [stdout]   --> tests/integration/pandoc_vimwiki_reader.rs:47:9
[INFO] [stdout]    |
[INFO] [stdout] 47 |         vimwiki_paragraph!("~~This is _struck out_ with emph~~ ").into(),
[INFO] [stdout]    |         ^^^^^^^^^^^^^^^^^
[INFO] [stdout] 
[INFO] [stdout] 
[INFO] [stdout] error: cannot find macro `vimwiki_paragraph` in this scope
[INFO] [stdout]   --> tests/integration/pandoc_vimwiki_reader.rs:48:9
[INFO] [stdout]    |
[INFO] [stdout] 48 |         vimwiki_paragraph! {r#"
[INFO] [stdout]    |         ^^^^^^^^^^^^^^^^^
[INFO] [stdout] 
[INFO] [stdout] 
[INFO] [stdout] error: cannot find macro `vimwiki_paragraph` in this scope
[INFO] [stdout]   --> tests/integration/pandoc_vimwiki_reader.rs:53:9
[INFO] [stdout]    |
[INFO] [stdout] 53 |         vimwiki_paragraph!("just two stars: **").into(),
[INFO] [stdout]    |         ^^^^^^^^^^^^^^^^^
[INFO] [stdout] 
[INFO] [stdout] 
[INFO] [stdout] error: cannot find macro `vimwiki_paragraph` in this scope
[INFO] [stdout]   --> tests/integration/pandoc_vimwiki_reader.rs:54:9
[INFO] [stdout]    |
[INFO] [stdout] 54 |         vimwiki_paragraph!("just two underscores: __").into(),
[INFO] [stdout]    |         ^^^^^^^^^^^^^^^^^
[INFO] [stdout] 
[INFO] [stdout] 
[INFO] [stdout] error: cannot find macro `vimwiki_paragraph` in this scope
[INFO] [stdout]   --> tests/integration/pandoc_vimwiki_reader.rs:55:9
[INFO] [stdout]    |
[INFO] [stdout] 55 |         vimwiki_paragraph!("just four ~s: ~~~~").into(),
[INFO] [stdout]    |         ^^^^^^^^^^^^^^^^^
[INFO] [stdout] 
[INFO] [stdout] 
[INFO] [stdout] error: cannot find macro `vimwiki_paragraph` in this scope
[INFO] [stdout]   --> tests/integration/pandoc_vimwiki_reader.rs:56:9
[INFO] [stdout]    |
[INFO] [stdout] 56 |         vimwiki_paragraph! {r#"
[INFO] [stdout]    |         ^^^^^^^^^^^^^^^^^
[INFO] [stdout] 
[INFO] [stdout] 
[INFO] [stdout] error: cannot find macro `vimwiki_paragraph` in this scope
[INFO] [stdout]   --> tests/integration/pandoc_vimwiki_reader.rs:65:9
[INFO] [stdout]    |
[INFO] [stdout] 65 |         vimwiki_paragraph!(r"~~not").into(),
[INFO] [stdout]    |         ^^^^^^^^^^^^^^^^^
[INFO] [stdout] 
[INFO] [stdout] 
[INFO] [stdout] error: cannot find macro `vimwiki_blockquote_raw` in this scope
[INFO] [stdout]   --> tests/integration/pandoc_vimwiki_reader.rs:66:9
[INFO] [stdout]    |
[INFO] [stdout] 66 |         vimwiki_blockquote_raw!("    %%comment").into(),
[INFO] [stdout]    |         ^^^^^^^^^^^^^^^^^^^^^^
[INFO] [stdout] 
[INFO] [stdout] 
[INFO] [stdout] error: cannot find macro `vimwiki_paragraph` in this scope
[INFO] [stdout]   --> tests/integration/pandoc_vimwiki_reader.rs:67:9
[INFO] [stdout]    |
[INFO] [stdout] 67 |         vimwiki_paragraph! {r#"
[INFO] [stdout]    |         ^^^^^^^^^^^^^^^^^
[INFO] [stdout] 
[INFO] [stdout] 
[INFO] [stdout] error: cannot find macro `vimwiki_header` in this scope
[INFO] [stdout]   --> tests/integration/pandoc_vimwiki_reader.rs:72:9
[INFO] [stdout]    |
[INFO] [stdout] 72 |         vimwiki_header!("== horizontal rule ==").into(),
[INFO] [stdout]    |         ^^^^^^^^^^^^^^
[INFO] [stdout] 
[INFO] [stdout] 
[INFO] [stdout] error: cannot find macro `vimwiki_paragraph` in this scope
[INFO] [stdout]   --> tests/integration/pandoc_vimwiki_reader.rs:73:9
[INFO] [stdout]    |
[INFO] [stdout] 73 |         vimwiki_paragraph!("top").into(),
[INFO] [stdout]    |         ^^^^^^^^^^^^^^^^^
[INFO] [stdout] 
[INFO] [stdout] 
[INFO] [stdout] error: cannot find macro `vimwiki_divider` in this scope
[INFO] [stdout]   --> tests/integration/pandoc_vimwiki_reader.rs:74:9
[INFO] [stdout]    |
[INFO] [stdout] 74 |         vimwiki_divider!("----").into(),
[INFO] [stdout]    |         ^^^^^^^^^^^^^^^
[INFO] [stdout] 
[INFO] [stdout] 
[INFO] [stdout] error: cannot find macro `vimwiki_paragraph` in this scope
[INFO] [stdout]   --> tests/integration/pandoc_vimwiki_reader.rs:75:9
[INFO] [stdout]    |
[INFO] [stdout] 75 |         vimwiki_paragraph!("middle").into(),
[INFO] [stdout]    |         ^^^^^^^^^^^^^^^^^
[INFO] [stdout] 
[INFO] [stdout] 
[INFO] [stdout] error: cannot find macro `vimwiki_divider` in this scope
[INFO] [stdout]   --> tests/integration/pandoc_vimwiki_reader.rs:76:9
[INFO] [stdout]    |
[INFO] [stdout] 76 |         vimwiki_divider!("-------").into(),
[INFO] [stdout]    |         ^^^^^^^^^^^^^^^
[INFO] [stdout] 
[INFO] [stdout] 
[INFO] [stdout] error: cannot find macro `vimwiki_paragraph` in this scope
[INFO] [stdout]   --> tests/integration/pandoc_vimwiki_reader.rs:77:9
[INFO] [stdout]    |
[INFO] [stdout] 77 |         vimwiki_paragraph!("not a rule-----").into(),
[INFO] [stdout]    |         ^^^^^^^^^^^^^^^^^
[INFO] [stdout] 
[INFO] [stdout] 
[INFO] [stdout] error: cannot find macro `vimwiki_paragraph` in this scope
[INFO] [stdout]   --> tests/integration/pandoc_vimwiki_reader.rs:78:9
[INFO] [stdout]    |
[INFO] [stdout] 78 |         vimwiki_paragraph! {r#"
[INFO] [stdout]    |         ^^^^^^^^^^^^^^^^^
[INFO] [stdout] 
[INFO] [stdout] 
[INFO] [stdout] error: cannot find macro `vimwiki_paragraph` in this scope
[INFO] [stdout]   --> tests/integration/pandoc_vimwiki_reader.rs:83:9
[INFO] [stdout]    |
[INFO] [stdout] 83 |         vimwiki_paragraph! {r#"
[INFO] [stdout]    |         ^^^^^^^^^^^^^^^^^
[INFO] [stdout] 
[INFO] [stdout] 
[INFO] [stdout] error: cannot find macro `vimwiki_header` in this scope
[INFO] [stdout]   --> tests/integration/pandoc_vimwiki_reader.rs:88:9
[INFO] [stdout]    |
[INFO] [stdout] 88 |         vimwiki_header!("== comments ==").into(),
[INFO] [stdout]    |         ^^^^^^^^^^^^^^
[INFO] [stdout] 
[INFO] [stdout] 
[INFO] [stdout] error: cannot find macro `vimwiki_paragraph` in this scope
[INFO] [stdout]   --> tests/integration/pandoc_vimwiki_reader.rs:89:9
[INFO] [stdout]    |
[INFO] [stdout] 89 |         vimwiki_paragraph!("%% you can't see me.").into(),
[INFO] [stdout]    |         ^^^^^^^^^^^^^^^^^
[INFO] [stdout] 
[INFO] [stdout] 
[INFO] [stdout] error: cannot find macro `vimwiki_paragraph` in this scope
[INFO] [stdout]   --> tests/integration/pandoc_vimwiki_reader.rs:90:9
[INFO] [stdout]    |
[INFO] [stdout] 90 |         vimwiki_paragraph! {r#"
[INFO] [stdout]    |         ^^^^^^^^^^^^^^^^^
[INFO] [stdout] 
[INFO] [stdout] 
[INFO] [stdout] error: cannot find macro `vimwiki_header` in this scope
[INFO] [stdout]   --> tests/integration/pandoc_vimwiki_reader.rs:96:9
[INFO] [stdout]    |
[INFO] [stdout] 96 |         vimwiki_header!("== inline code ==").into(),
[INFO] [stdout]    |         ^^^^^^^^^^^^^^
[INFO] [stdout] 
[INFO] [stdout] 
[INFO] [stdout] error: cannot find macro `vimwiki_paragraph` in this scope
[INFO] [stdout]   --> tests/integration/pandoc_vimwiki_reader.rs:97:9
[INFO] [stdout]    |
[INFO] [stdout] 97 |         vimwiki_paragraph!(r#"Here is some `inline code`."#).into(),
[INFO] [stdout]    |         ^^^^^^^^^^^^^^^^^
[INFO] [stdout] 
[INFO] [stdout] 
[INFO] [stdout] error: cannot find macro `vimwiki_paragraph` in this scope
[INFO] [stdout]   --> tests/integration/pandoc_vimwiki_reader.rs:98:9
[INFO] [stdout]    |
[INFO] [stdout] 98 |         vimwiki_paragraph!(r#"Just two backticks: ``"#).into(),
[INFO] [stdout]    |         ^^^^^^^^^^^^^^^^^
[INFO] [stdout] 
[INFO] [stdout] 
[INFO] [stdout] error: cannot find macro `vimwiki_header` in this scope
[INFO] [stdout]   --> tests/integration/pandoc_vimwiki_reader.rs:99:9
[INFO] [stdout]    |
[INFO] [stdout] 99 |         vimwiki_header!("== preformatted text ==").into(),
[INFO] [stdout]    |         ^^^^^^^^^^^^^^
[INFO] [stdout] 
[INFO] [stdout] 
[INFO] [stdout] error: cannot find macro `vimwiki_preformatted_text_raw` in this scope
[INFO] [stdout]    --> tests/integration/pandoc_vimwiki_reader.rs:100:9
[INFO] [stdout]     |
[INFO] [stdout] 100 |         vimwiki_preformatted_text_raw! {r#"
[INFO] [stdout]     |         ^^^^^^^^^^^^^^^^^^^^^^^^^^^^^
[INFO] [stdout] 
[INFO] [stdout] 
[INFO] [stdout] error: cannot find macro `vimwiki_header` in this scope
[INFO] [stdout]    --> tests/integration/pandoc_vimwiki_reader.rs:113:9
[INFO] [stdout]     |
[INFO] [stdout] 113 |         vimwiki_header!("=== preformatted text with attributes ===").into(),
[INFO] [stdout]     |         ^^^^^^^^^^^^^^
[INFO] [stdout] 
[INFO] [stdout] 
[INFO] [stdout] error: cannot find macro `vimwiki_preformatted_text_raw` in this scope
[INFO] [stdout]    --> tests/integration/pandoc_vimwiki_reader.rs:114:9
[INFO] [stdout]     |
[INFO] [stdout] 114 |         vimwiki_preformatted_text_raw! {r#"
[INFO] [stdout]     |         ^^^^^^^^^^^^^^^^^^^^^^^^^^^^^
[INFO] [stdout] 
[INFO] [stdout] 
[INFO] [stdout] error: cannot find macro `vimwiki_header` in this scope
[INFO] [stdout]    --> tests/integration/pandoc_vimwiki_reader.rs:121:9
[INFO] [stdout]     |
[INFO] [stdout] 121 |         vimwiki_header!("=== preformatted text with nested syntax ===").into(),
[INFO] [stdout]     |         ^^^^^^^^^^^^^^
[INFO] [stdout] 
[INFO] [stdout] 
[INFO] [stdout] error: cannot find macro `vimwiki_preformatted_text` in this scope
[INFO] [stdout]    --> tests/integration/pandoc_vimwiki_reader.rs:122:9
[INFO] [stdout]     |
[INFO] [stdout] 122 |         vimwiki_preformatted_text! {r#"
[INFO] [stdout]     |         ^^^^^^^^^^^^^^^^^^^^^^^^^
[INFO] [stdout] 
[INFO] [stdout] 
[INFO] [stdout] error: cannot find macro `vimwiki_header` in this scope
[INFO] [stdout]    --> tests/integration/pandoc_vimwiki_reader.rs:128:9
[INFO] [stdout]     |
[INFO] [stdout] 128 |         vimwiki_header!("=== empty preformatted text ===").into(),
[INFO] [stdout]     |         ^^^^^^^^^^^^^^
[INFO] [stdout] 
[INFO] [stdout] 
[INFO] [stdout] error: cannot find macro `vimwiki_preformatted_text` in this scope
[INFO] [stdout]    --> tests/integration/pandoc_vimwiki_reader.rs:129:9
[INFO] [stdout]     |
[INFO] [stdout] 129 |         vimwiki_preformatted_text! {r#"
[INFO] [stdout]     |         ^^^^^^^^^^^^^^^^^^^^^^^^^
[INFO] [stdout] 
[INFO] [stdout] 
[INFO] [stdout] error: cannot find macro `vimwiki_header` in this scope
[INFO] [stdout]    --> tests/integration/pandoc_vimwiki_reader.rs:134:9
[INFO] [stdout]     |
[INFO] [stdout] 134 |         vimwiki_header!("== block quotes ==").into(),
[INFO] [stdout]     |         ^^^^^^^^^^^^^^
[INFO] [stdout] 
[INFO] [stdout] 
[INFO] [stdout] error: cannot find macro `vimwiki_blockquote_raw` in this scope
[INFO] [stdout]    --> tests/integration/pandoc_vimwiki_reader.rs:135:9
[INFO] [stdout]     |
[INFO] [stdout] 135 |         vimwiki_blockquote_raw! {r#"
[INFO] [stdout]     |         ^^^^^^^^^^^^^^^^^^^^^^
[INFO] [stdout] 
[INFO] [stdout] 
[INFO] [stdout] error: cannot find macro `vimwiki_header` in this scope
[INFO] [stdout]    --> tests/integration/pandoc_vimwiki_reader.rs:140:9
[INFO] [stdout]     |
[INFO] [stdout] 140 |         vimwiki_header!("== external links ==").into(),
[INFO] [stdout]     |         ^^^^^^^^^^^^^^
[INFO] [stdout] 
[INFO] [stdout] 
[INFO] [stdout] error: cannot find macro `vimwiki_link` in this scope
[INFO] [stdout]    --> tests/integration/pandoc_vimwiki_reader.rs:14:17
[INFO] [stdout]     |
[INFO] [stdout] 14  |                 vimwiki_link!($link).map(InlineElement::from),
[INFO] [stdout]     |                 ^^^^^^^^^^^^
[INFO] [stdout] ...
[INFO] [stdout] 141 |         make_link!("[[http://google.com|_Google_ search engine]]"),
[INFO] [stdout]     |         ---------------------------------------------------------- in this macro invocation
[INFO] [stdout]     |
[INFO] [stdout]     = note: this error originates in a macro (in Nightly builds, run with -Z macro-backtrace for more info)
[INFO] [stdout] 
[INFO] [stdout] 
[INFO] [stdout] error: cannot find macro `vimwiki_link` in this scope
[INFO] [stdout]    --> tests/integration/pandoc_vimwiki_reader.rs:14:17
[INFO] [stdout]     |
[INFO] [stdout] 14  |                 vimwiki_link!($link).map(InlineElement::from),
[INFO] [stdout]     |                 ^^^^^^^^^^^^
[INFO] [stdout] ...
[INFO] [stdout] 142 |         make_link!("http://pandoc.org"),
[INFO] [stdout]     |         ------------------------------- in this macro invocation
[INFO] [stdout]     |
[INFO] [stdout]     = note: this error originates in a macro (in Nightly builds, run with -Z macro-backtrace for more info)
[INFO] [stdout] 
[INFO] [stdout] 
[INFO] [stdout] error: cannot find macro `vimwiki_link` in this scope
[INFO] [stdout]    --> tests/integration/pandoc_vimwiki_reader.rs:14:17
[INFO] [stdout]     |
[INFO] [stdout] 14  |                 vimwiki_link!($link).map(InlineElement::from),
[INFO] [stdout]     |                 ^^^^^^^^^^^^
[INFO] [stdout] ...
[INFO] [stdout] 143 |         make_link!("ftp://vim.org"),
[INFO] [stdout]     |         --------------------------- in this macro invocation
[INFO] [stdout]     |
[INFO] [stdout]     = note: this error originates in a macro (in Nightly builds, run with -Z macro-backtrace for more info)
[INFO] [stdout] 
[INFO] [stdout] 
[INFO] [stdout] error: cannot find macro `vimwiki_link` in this scope
[INFO] [stdout]    --> tests/integration/pandoc_vimwiki_reader.rs:145:13
[INFO] [stdout]     |
[INFO] [stdout] 145 |             vimwiki_link!("[[http://google.com]]").map(InlineElement::from),
[INFO] [stdout]     |             ^^^^^^^^^^^^
[INFO] [stdout] 
[INFO] [stdout] 
[INFO] [stdout] error: cannot find macro `vimwiki_link` in this scope
[INFO] [stdout]    --> tests/integration/pandoc_vimwiki_reader.rs:14:17
[INFO] [stdout]     |
[INFO] [stdout] 14  |                 vimwiki_link!($link).map(InlineElement::from),
[INFO] [stdout]     |                 ^^^^^^^^^^^^
[INFO] [stdout] ...
[INFO] [stdout] 148 |         make_link!("[[mailto:info@example.org|email me]]"),
[INFO] [stdout]     |         -------------------------------------------------- in this macro invocation
[INFO] [stdout]     |
[INFO] [stdout]     = note: this error originates in a macro (in Nightly builds, run with -Z macro-backtrace for more info)
[INFO] [stdout] 
[INFO] [stdout] 
[INFO] [stdout] error: cannot find macro `vimwiki_link` in this scope
[INFO] [stdout]    --> tests/integration/pandoc_vimwiki_reader.rs:14:17
[INFO] [stdout]     |
[INFO] [stdout] 14  |                 vimwiki_link!($link).map(InlineElement::from),
[INFO] [stdout]     |                 ^^^^^^^^^^^^
[INFO] [stdout] ...
[INFO] [stdout] 149 |         make_link!("mailto:hello@bye.com"),
[INFO] [stdout]     |         ---------------------------------- in this macro invocation
[INFO] [stdout]     |
[INFO] [stdout]     = note: this error originates in a macro (in Nightly builds, run with -Z macro-backtrace for more info)
[INFO] [stdout] 
[INFO] [stdout] 
[INFO] [stdout] error: cannot find macro `vimwiki_header` in this scope
[INFO] [stdout]    --> tests/integration/pandoc_vimwiki_reader.rs:150:9
[INFO] [stdout]     |
[INFO] [stdout] 150 |         vimwiki_header!("== internal links ==").into(),
[INFO] [stdout]     |         ^^^^^^^^^^^^^^
[INFO] [stdout] 
[INFO] [stdout] 
[INFO] [stdout] error: cannot find macro `vimwiki_link` in this scope
[INFO] [stdout]    --> tests/integration/pandoc_vimwiki_reader.rs:14:17
[INFO] [stdout]     |
[INFO] [stdout] 14  |                 vimwiki_link!($link).map(InlineElement::from),
[INFO] [stdout]     |                 ^^^^^^^^^^^^
[INFO] [stdout] ...
[INFO] [stdout] 151 |         make_link!("[[This is a link]]"),
[INFO] [stdout]     |         -------------------------------- in this macro invocation
[INFO] [stdout]     |
[INFO] [stdout]     = note: this error originates in a macro (in Nightly builds, run with -Z macro-backtrace for more info)
[INFO] [stdout] 
[INFO] [stdout] 
[INFO] [stdout] error: cannot find macro `vimwiki_link` in this scope
[INFO] [stdout]    --> tests/integration/pandoc_vimwiki_reader.rs:14:17
[INFO] [stdout]     |
[INFO] [stdout] 14  |                 vimwiki_link!($link).map(InlineElement::from),
[INFO] [stdout]     |                 ^^^^^^^^^^^^
[INFO] [stdout] ...
[INFO] [stdout] 152 |         make_link!("[[This is a link source|Description of the link]]"),
[INFO] [stdout]     |         --------------------------------------------------------------- in this macro invocation
[INFO] [stdout]     |
[INFO] [stdout]     = note: this error originates in a macro (in Nightly builds, run with -Z macro-backtrace for more info)
[INFO] [stdout] 
[INFO] [stdout] 
[INFO] [stdout] error: cannot find macro `vimwiki_link` in this scope
[INFO] [stdout]    --> tests/integration/pandoc_vimwiki_reader.rs:14:17
[INFO] [stdout]     |
[INFO] [stdout] 14  |                 vimwiki_link!($link).map(InlineElement::from),
[INFO] [stdout]     |                 ^^^^^^^^^^^^
[INFO] [stdout] ...
[INFO] [stdout] 153 |         make_link!("[[projects/Important Project 1]]"),
[INFO] [stdout]     |         ---------------------------------------------- in this macro invocation
[INFO] [stdout]     |
[INFO] [stdout]     = note: this error originates in a macro (in Nightly builds, run with -Z macro-backtrace for more info)
[INFO] [stdout] 
[INFO] [stdout] 
[INFO] [stdout] error: cannot find macro `vimwiki_link` in this scope
[INFO] [stdout]    --> tests/integration/pandoc_vimwiki_reader.rs:14:17
[INFO] [stdout]     |
[INFO] [stdout] 14  |                 vimwiki_link!($link).map(InlineElement::from),
[INFO] [stdout]     |                 ^^^^^^^^^^^^
[INFO] [stdout] ...
[INFO] [stdout] 154 |         make_link!("[[../index]]"),
[INFO] [stdout]     |         -------------------------- in this macro invocation
[INFO] [stdout]     |
[INFO] [stdout]     = note: this error originates in a macro (in Nightly builds, run with -Z macro-backtrace for more info)
[INFO] [stdout] 
[INFO] [stdout] 
[INFO] [stdout] error: cannot find macro `vimwiki_link` in this scope
[INFO] [stdout]    --> tests/integration/pandoc_vimwiki_reader.rs:14:17
[INFO] [stdout]     |
[INFO] [stdout] 14  |                 vimwiki_link!($link).map(InlineElement::from),
[INFO] [stdout]     |                 ^^^^^^^^^^^^
[INFO] [stdout] ...
[INFO] [stdout] 155 |         make_link!("[[a subdirectory/|Other files]]"),
[INFO] [stdout]     |         --------------------------------------------- in this macro invocation
[INFO] [stdout]     |
[INFO] [stdout]     = note: this error originates in a macro (in Nightly builds, run with -Z macro-backtrace for more info)
[INFO] [stdout] 
[INFO] [stdout] 
[INFO] [stdout] error: cannot find macro `vimwiki_link` in this scope
[INFO] [stdout]    --> tests/integration/pandoc_vimwiki_reader.rs:14:17
[INFO] [stdout]     |
[INFO] [stdout] 14  |                 vimwiki_link!($link).map(InlineElement::from),
[INFO] [stdout]     |                 ^^^^^^^^^^^^
[INFO] [stdout] ...
[INFO] [stdout] 156 |         make_link!("[[#tag-one|try me to test tag anchors]]"),
[INFO] [stdout]     |         ----------------------------------------------------- in this macro invocation
[INFO] [stdout]     |
[INFO] [stdout]     = note: this error originates in a macro (in Nightly builds, run with -Z macro-backtrace for more info)
[INFO] [stdout] 
[INFO] [stdout] 
[INFO] [stdout] error: cannot find macro `vimwiki_link` in this scope
[INFO] [stdout]    --> tests/integration/pandoc_vimwiki_reader.rs:14:17
[INFO] [stdout]     |
[INFO] [stdout] 14  |                 vimwiki_link!($link).map(InlineElement::from),
[INFO] [stdout]     |                 ^^^^^^^^^^^^
[INFO] [stdout] ...
[INFO] [stdout] 157 |         make_link!("[[#block quotes|try me to test header anchors]]"),
[INFO] [stdout]     |         ------------------------------------------------------------- in this macro invocation
[INFO] [stdout]     |
[INFO] [stdout]     = note: this error originates in a macro (in Nightly builds, run with -Z macro-backtrace for more info)
[INFO] [stdout] 
[INFO] [stdout] 
[INFO] [stdout] error: cannot find macro `vimwiki_link` in this scope
[INFO] [stdout]    --> tests/integration/pandoc_vimwiki_reader.rs:14:17
[INFO] [stdout]     |
[INFO] [stdout] 14  |                 vimwiki_link!($link).map(InlineElement::from),
[INFO] [stdout]     |                 ^^^^^^^^^^^^
[INFO] [stdout] ...
[INFO] [stdout] 158 |         make_link!("[[#strong|try me to test strong anchors]]"),
[INFO] [stdout]     |         ------------------------------------------------------- in this macro invocation
[INFO] [stdout]     |
[INFO] [stdout]     = note: this error originates in a macro (in Nightly builds, run with -Z macro-backtrace for more info)
[INFO] [stdout] 
[INFO] [stdout] 
[INFO] [stdout] error: cannot find macro `vimwiki_link` in this scope
[INFO] [stdout]    --> tests/integration/pandoc_vimwiki_reader.rs:14:17
[INFO] [stdout]     |
[INFO] [stdout] 14  |                 vimwiki_link!($link).map(InlineElement::from),
[INFO] [stdout]     |                 ^^^^^^^^^^^^
[INFO] [stdout] ...
[INFO] [stdout] 159 |         make_link!("[[Todo List#Tomorrow|Tasks for tomorrow]]"),
[INFO] [stdout]     |         ------------------------------------------------------- in this macro invocation
[INFO] [stdout]     |
[INFO] [stdout]     = note: this error originates in a macro (in Nightly builds, run with -Z macro-backtrace for more info)
[INFO] [stdout] 
[INFO] [stdout] 
[INFO] [stdout] error: cannot find macro `vimwiki_link` in this scope
[INFO] [stdout]    --> tests/integration/pandoc_vimwiki_reader.rs:14:17
[INFO] [stdout]     |
[INFO] [stdout] 14  |                 vimwiki_link!($link).map(InlineElement::from),
[INFO] [stdout]     |                 ^^^^^^^^^^^^
[INFO] [stdout] ...
[INFO] [stdout] 160 |         make_link!("[[diary:2017-05-01]]"),
[INFO] [stdout]     |         ---------------------------------- in this macro invocation
[INFO] [stdout]     |
[INFO] [stdout]     = note: this error originates in a macro (in Nightly builds, run with -Z macro-backtrace for more info)
[INFO] [stdout] 
[INFO] [stdout] 
[INFO] [stdout] error: cannot find macro `vimwiki_link` in this scope
[INFO] [stdout]    --> tests/integration/pandoc_vimwiki_reader.rs:14:17
[INFO] [stdout]     |
[INFO] [stdout] 14  |                 vimwiki_link!($link).map(InlineElement::from),
[INFO] [stdout]     |                 ^^^^^^^^^^^^
[INFO] [stdout] ...
[INFO] [stdout] 161 |         make_link!("[[file:../assets/data.csv|Important Data]]"),
[INFO] [stdout]     |         -------------------------------------------------------- in this macro invocation
[INFO] [stdout]     |
[INFO] [stdout]     = note: this error originates in a macro (in Nightly builds, run with -Z macro-backtrace for more info)
[INFO] [stdout] 
[INFO] [stdout] 
[INFO] [stdout] error: cannot find macro `vimwiki_header` in this scope
[INFO] [stdout]    --> tests/integration/pandoc_vimwiki_reader.rs:162:9
[INFO] [stdout]     |
[INFO] [stdout] 162 |         vimwiki_header!("=== links with thumbnails ===").into(),
[INFO] [stdout]     |         ^^^^^^^^^^^^^^
[INFO] [stdout] 
[INFO] [stdout] 
[INFO] [stdout] error: cannot find macro `vimwiki_link` in this scope
[INFO] [stdout]    --> tests/integration/pandoc_vimwiki_reader.rs:14:17
[INFO] [stdout]     |
[INFO] [stdout] 14  |                 vimwiki_link!($link).map(InlineElement::from),
[INFO] [stdout]     |                 ^^^^^^^^^^^^
[INFO] [stdout] ...
[INFO] [stdout] 163 |         make_link!("[[http://www.google.com|{{./movie.jpg}}]]"),
[INFO] [stdout]     |         ------------------------------------------------------- in this macro invocation
[INFO] [stdout]     |
[INFO] [stdout]     = note: this error originates in a macro (in Nightly builds, run with -Z macro-backtrace for more info)
[INFO] [stdout] 
[INFO] [stdout] 
[INFO] [stdout] error: cannot find macro `vimwiki_header` in this scope
[INFO] [stdout]    --> tests/integration/pandoc_vimwiki_reader.rs:164:9
[INFO] [stdout]     |
[INFO] [stdout] 164 |         vimwiki_header!("== images ==").into(),
[INFO] [stdout]     |         ^^^^^^^^^^^^^^
[INFO] [stdout] 
[INFO] [stdout] 
[INFO] [stdout] error: cannot find macro `vimwiki_link` in this scope
[INFO] [stdout]    --> tests/integration/pandoc_vimwiki_reader.rs:14:17
[INFO] [stdout]     |
[INFO] [stdout] 14  |                 vimwiki_link!($link).map(InlineElement::from),
[INFO] [stdout]     |                 ^^^^^^^^^^^^
[INFO] [stdout] ...
[INFO] [stdout] 165 |         make_link!("{{file:./lalune.jpg}}"),
[INFO] [stdout]     |         ----------------------------------- in this macro invocation
[INFO] [stdout]     |
[INFO] [stdout]     = note: this error originates in a macro (in Nightly builds, run with -Z macro-backtrace for more info)
[INFO] [stdout] 
[INFO] [stdout] 
[INFO] [stdout] error: cannot find macro `vimwiki_link` in this scope
[INFO] [stdout]    --> tests/integration/pandoc_vimwiki_reader.rs:14:17
[INFO] [stdout]     |
[INFO] [stdout] 14  |                 vimwiki_link!($link).map(InlineElement::from),
[INFO] [stdout]     |                 ^^^^^^^^^^^^
[INFO] [stdout] ...
[INFO] [stdout] 166 |         make_link!("{{http://vimwiki.googlecode.com/hg/images/vimwiki_logo.png|Vimwiki}}"),
[INFO] [stdout]     |         ---------------------------------------------------------------------------------- in this macro invocation
[INFO] [stdout]     |
[INFO] [stdout]     = note: this error originates in a macro (in Nightly builds, run with -Z macro-backtrace for more info)
[INFO] [stdout] 
[INFO] [stdout] 
[INFO] [stdout] error: cannot find macro `vimwiki_link` in this scope
[INFO] [stdout]    --> tests/integration/pandoc_vimwiki_reader.rs:168:13
[INFO] [stdout]     |
[INFO] [stdout] 168 |             vimwiki_link!("{{local:./movie.jpg}}").map(InlineElement::from),
[INFO] [stdout]     |             ^^^^^^^^^^^^
[INFO] [stdout] 
[INFO] [stdout] 
[INFO] [stdout] error: cannot find macro `vimwiki_header` in this scope
[INFO] [stdout]    --> tests/integration/pandoc_vimwiki_reader.rs:171:9
[INFO] [stdout]     |
[INFO] [stdout] 171 |         vimwiki_header!("=== image with attributes ===").into(),
[INFO] [stdout]     |         ^^^^^^^^^^^^^^
[INFO] [stdout] 
[INFO] [stdout] 
[INFO] [stdout] error: cannot find macro `vimwiki_paragraph` in this scope
[INFO] [stdout]    --> tests/integration/pandoc_vimwiki_reader.rs:174:9
[INFO] [stdout]     |
[INFO] [stdout] 174 |         vimwiki_paragraph!(r#"{{lalune.jpg|_cool stuff_|style="width:150px;height:120px;"}}"#).into(),
[INFO] [stdout]     |         ^^^^^^^^^^^^^^^^^
[INFO] [stdout] 
[INFO] [stdout] 
[INFO] [stdout] error: cannot find macro `vimwiki_paragraph` in this scope
[INFO] [stdout]    --> tests/integration/pandoc_vimwiki_reader.rs:175:9
[INFO] [stdout]     |
[INFO] [stdout] 175 |         vimwiki_paragraph!(r#"{{nonexist.jpg|*Non-existing* image|class="center flow blabla" style="font-color:red"}}"#).into(),
[INFO] [stdout]     |         ^^^^^^^^^^^^^^^^^
[INFO] [stdout] 
[INFO] [stdout] 
[INFO] [stdout] error: cannot find macro `vimwiki_paragraph` in this scope
[INFO] [stdout]    --> tests/integration/pandoc_vimwiki_reader.rs:176:9
[INFO] [stdout]     |
[INFO] [stdout] 176 |         vimwiki_paragraph!(r#"{{lalune.jpg|_cool stuff_|style="width:150px;height:120px;"|anything in this segment is ignored}}"#).into(),
[INFO] [stdout]     |         ^^^^^^^^^^^^^^^^^
[INFO] [stdout] 
[INFO] [stdout] 
[INFO] [stdout] error: cannot find macro `vimwiki_header` in this scope
[INFO] [stdout]    --> tests/integration/pandoc_vimwiki_reader.rs:177:9
[INFO] [stdout]     |
[INFO] [stdout] 177 |         vimwiki_header!("== lists ==").into(),
[INFO] [stdout]     |         ^^^^^^^^^^^^^^
[INFO] [stdout] 
[INFO] [stdout] 
[INFO] [stdout] error: cannot find macro `vimwiki_header` in this scope
[INFO] [stdout]   --> tests/integration/vimwiki_wiki_index_page.rs:10:9
[INFO] [stdout]    |
[INFO] [stdout] 10 |         vimwiki_header!("= Vimwiki Wiki =")
[INFO] [stdout]    |         ^^^^^^^^^^^^^^
[INFO] [stdout] 
[INFO] [stdout] 
[INFO] [stdout] error: cannot find macro `vimwiki_paragraph` in this scope
[INFO] [stdout]   --> tests/integration/vimwiki_wiki_index_page.rs:12:9
[INFO] [stdout]    |
[INFO] [stdout] 12 |         vimwiki_paragraph!("*Welcome to the Vimwiki wiki!*")
[INFO] [stdout]    |         ^^^^^^^^^^^^^^^^^
[INFO] [stdout] 
[INFO] [stdout] 
[INFO] [stdout] error: cannot find macro `vimwiki_header` in this scope
[INFO] [stdout]   --> tests/integration/vimwiki_wiki_index_page.rs:14:9
[INFO] [stdout]    |
[INFO] [stdout] 14 |         vimwiki_header!("== Official Repositories ==")
[INFO] [stdout]    |         ^^^^^^^^^^^^^^
[INFO] [stdout] 
[INFO] [stdout] 
[INFO] [stdout] error: cannot find macro `vimwiki_paragraph` in this scope
[INFO] [stdout]   --> tests/integration/vimwiki_wiki_index_page.rs:16:9
[INFO] [stdout]    |
[INFO] [stdout] 16 |         vimwiki_paragraph!("Here are links to the official Vimwiki repositories:")
[INFO] [stdout]    |         ^^^^^^^^^^^^^^^^^
[INFO] [stdout] 
[INFO] [stdout] 
[INFO] [stdout] error: cannot find macro `vimwiki_list` in this scope
[INFO] [stdout]   --> tests/integration/vimwiki_wiki_index_page.rs:18:9
[INFO] [stdout]    |
[INFO] [stdout] 18 |         vimwiki_list! {r#"
[INFO] [stdout]    |         ^^^^^^^^^^^^
[INFO] [stdout] 
[INFO] [stdout] 
[INFO] [stdout] error: cannot find macro `vimwiki_header` in this scope
[INFO] [stdout]   --> tests/integration/vimwiki_wiki_index_page.rs:27:9
[INFO] [stdout]    |
[INFO] [stdout] 27 |         vimwiki_header!("== Wiki Pages ==")
[INFO] [stdout]    |         ^^^^^^^^^^^^^^
[INFO] [stdout] 
[INFO] [stdout] 
[INFO] [stdout] error: cannot find macro `vimwiki_paragraph` in this scope
[INFO] [stdout]   --> tests/integration/vimwiki_wiki_index_page.rs:29:9
[INFO] [stdout]    |
[INFO] [stdout] 29 |         vimwiki_paragraph!("Checkout these pages for additional information and tips!")
[INFO] [stdout]    |         ^^^^^^^^^^^^^^^^^
[INFO] [stdout] 
[INFO] [stdout] 
[INFO] [stdout] error: cannot find macro `vimwiki_list` in this scope
[INFO] [stdout]   --> tests/integration/vimwiki_wiki_index_page.rs:31:9
[INFO] [stdout]    |
[INFO] [stdout] 31 |         vimwiki_list! {r#"
[INFO] [stdout]    |         ^^^^^^^^^^^^
[INFO] [stdout] 
[INFO] [stdout] 
[INFO] [stdout] error: cannot find macro `vimwiki_header` in this scope
[INFO] [stdout]   --> tests/integration/vimwiki_wiki_index_page.rs:37:9
[INFO] [stdout]    |
[INFO] [stdout] 37 |         vimwiki_header!("== Chat/Forums ==")
[INFO] [stdout]    |         ^^^^^^^^^^^^^^
[INFO] [stdout] 
[INFO] [stdout] 
[INFO] [stdout] error: cannot find macro `vimwiki_list` in this scope
[INFO] [stdout]   --> tests/integration/vimwiki_wiki_index_page.rs:39:9
[INFO] [stdout]    |
[INFO] [stdout] 39 |         vimwiki_list! {r#"
[INFO] [stdout]    |         ^^^^^^^^^^^^
[INFO] [stdout] 
[INFO] [stdout] 
[INFO] [stdout] error: cannot find macro `vimwiki_header` in this scope
[INFO] [stdout]   --> tests/integration/vimwiki_wiki_index_page.rs:44:9
[INFO] [stdout]    |
[INFO] [stdout] 44 |         vimwiki_header!("== Outdated Versions ==")
[INFO] [stdout]    |         ^^^^^^^^^^^^^^
[INFO] [stdout] 
[INFO] [stdout] 
[INFO] [stdout] error: cannot find macro `vimwiki_paragraph` in this scope
[INFO] [stdout]   --> tests/integration/vimwiki_wiki_index_page.rs:46:9
[INFO] [stdout]    |
[INFO] [stdout] 46 |         vimwiki_paragraph! {r#"
[INFO] [stdout]    |         ^^^^^^^^^^^^^^^^^
[INFO] [stdout] 
[INFO] [stdout] 
[INFO] [stdout] error: cannot find macro `vimwiki_list` in this scope
[INFO] [stdout]   --> tests/integration/vimwiki_wiki_index_page.rs:51:9
[INFO] [stdout]    |
[INFO] [stdout] 51 |         vimwiki_list! {r#"
[INFO] [stdout]    |         ^^^^^^^^^^^^
[INFO] [stdout] 
[INFO] [stdout] 
[INFO] [stdout] error: cannot find macro `vimwiki_header` in this scope
[INFO] [stdout]   --> tests/integration/vimwiki_wiki_index_page.rs:57:9
[INFO] [stdout]    |
[INFO] [stdout] 57 |         vimwiki_header!("== Related Projects ==")
[INFO] [stdout]    |         ^^^^^^^^^^^^^^
[INFO] [stdout] 
[INFO] [stdout] 
[INFO] [stdout] error: cannot find macro `vimwiki_list` in this scope
[INFO] [stdout]   --> tests/integration/vimwiki_wiki_index_page.rs:59:9
[INFO] [stdout]    |
[INFO] [stdout] 59 |         vimwiki_list! {r#"
[INFO] [stdout]    |         ^^^^^^^^^^^^
[INFO] [stdout] 
[INFO] [stdout] 
[INFO] [stdout] error: cannot find macro `vimwiki_header` in this scope
[INFO] [stdout]   --> tests/integration/vimwiki_wiki_related_tools_page.rs:10:9
[INFO] [stdout]    |
[INFO] [stdout] 10 |         vimwiki_header!("= Related Tools =")
[INFO] [stdout]    |         ^^^^^^^^^^^^^^
[INFO] [stdout] 
[INFO] [stdout] 
[INFO] [stdout] error: cannot find macro `vimwiki_paragraph` in this scope
[INFO] [stdout]   --> tests/integration/vimwiki_wiki_related_tools_page.rs:12:9
[INFO] [stdout]    |
[INFO] [stdout] 12 |         vimwiki_paragraph! {r#"
[INFO] [stdout]    |         ^^^^^^^^^^^^^^^^^
[INFO] [stdout] 
[INFO] [stdout] 
[INFO] [stdout] error: cannot find macro `vimwiki_header` in this scope
[INFO] [stdout]   --> tests/integration/vimwiki_wiki_related_tools_page.rs:18:9
[INFO] [stdout]    |
[INFO] [stdout] 18 |         vimwiki_header!("== Vim Plugins ==")
[INFO] [stdout]    |         ^^^^^^^^^^^^^^
[INFO] [stdout] 
[INFO] [stdout] 
[INFO] [stdout] error: cannot find macro `vimwiki_list` in this scope
[INFO] [stdout]   --> tests/integration/vimwiki_wiki_related_tools_page.rs:20:9
[INFO] [stdout]    |
[INFO] [stdout] 20 |         vimwiki_list! {r#"
[INFO] [stdout]    |         ^^^^^^^^^^^^
[INFO] [stdout] 
[INFO] [stdout] 
[INFO] [stdout] error: cannot find macro `vimwiki_header` in this scope
[INFO] [stdout]   --> tests/integration/vimwiki_wiki_related_tools_page.rs:45:9
[INFO] [stdout]    |
[INFO] [stdout] 45 |         vimwiki_header!("== External Tools ==")
[INFO] [stdout]    |         ^^^^^^^^^^^^^^
[INFO] [stdout] 
[INFO] [stdout] 
[INFO] [stdout] error: cannot find macro `vimwiki_list` in this scope
[INFO] [stdout]   --> tests/integration/vimwiki_wiki_related_tools_page.rs:47:9
[INFO] [stdout]    |
[INFO] [stdout] 47 |         vimwiki_list! {r#"
[INFO] [stdout]    |         ^^^^^^^^^^^^
[INFO] [stdout] 
[INFO] [stdout] 
[INFO] [stdout] error: cannot find macro `vimwiki_header` in this scope
[INFO] [stdout]   --> tests/integration/vimwiki_wiki_tips_and_snips_page.rs:10:9
[INFO] [stdout]    |
[INFO] [stdout] 10 |         vimwiki_header!("= Tips and Snips =")
[INFO] [stdout]    |         ^^^^^^^^^^^^^^
[INFO] [stdout] 
[INFO] [stdout] 
[INFO] [stdout] error: cannot find macro `vimwiki_paragraph` in this scope
[INFO] [stdout]   --> tests/integration/vimwiki_wiki_tips_and_snips_page.rs:12:9
[INFO] [stdout]    |
[INFO] [stdout] 12 |         vimwiki_paragraph! {r#"
[INFO] [stdout]    |         ^^^^^^^^^^^^^^^^^
[INFO] [stdout] 
[INFO] [stdout] 
[INFO] [stdout] error: cannot find macro `vimwiki_header` in this scope
[INFO] [stdout]   --> tests/integration/vimwiki_wiki_tips_and_snips_page.rs:17:9
[INFO] [stdout]    |
[INFO] [stdout] 17 |         vimwiki_header!("== Cheat Sheet ==")
[INFO] [stdout]    |         ^^^^^^^^^^^^^^
[INFO] [stdout] 
[INFO] [stdout] 
[INFO] [stdout] error: cannot find macro `vimwiki_paragraph` in this scope
[INFO] [stdout]   --> tests/integration/vimwiki_wiki_tips_and_snips_page.rs:19:9
[INFO] [stdout]    |
[INFO] [stdout] 19 |         vimwiki_paragraph! {r#"
[INFO] [stdout]    |         ^^^^^^^^^^^^^^^^^
[INFO] [stdout] 
[INFO] [stdout] 
[INFO] [stdout] error: cannot find macro `vimwiki_list` in this scope
[INFO] [stdout]   --> tests/integration/vimwiki_wiki_tips_and_snips_page.rs:23:9
[INFO] [stdout]    |
[INFO] [stdout] 23 |         vimwiki_list! {r#"
[INFO] [stdout]    |         ^^^^^^^^^^^^
[INFO] [stdout] 
[INFO] [stdout] 
[INFO] [stdout] error: cannot find macro `vimwiki_header` in this scope
[INFO] [stdout]   --> tests/integration/vimwiki_wiki_tips_and_snips_page.rs:29:9
[INFO] [stdout]    |
[INFO] [stdout] 29 |         vimwiki_header!("== Custom folding ==")
[INFO] [stdout]    |         ^^^^^^^^^^^^^^
[INFO] [stdout] 
[INFO] [stdout] 
[INFO] [stdout] error: cannot find macro `vimwiki_paragraph` in this scope
[INFO] [stdout]   --> tests/integration/vimwiki_wiki_tips_and_snips_page.rs:31:9
[INFO] [stdout]    |
[INFO] [stdout] 31 |         vimwiki_paragraph! {r#"
[INFO] [stdout]    |         ^^^^^^^^^^^^^^^^^
[INFO] [stdout] 
[INFO] [stdout] 
[INFO] [stdout] error: cannot find macro `vimwiki_paragraph` in this scope
[INFO] [stdout]   --> tests/integration/vimwiki_wiki_tips_and_snips_page.rs:38:9
[INFO] [stdout]    |
[INFO] [stdout] 38 |         vimwiki_paragraph! {r#"
[INFO] [stdout]    |         ^^^^^^^^^^^^^^^^^
[INFO] [stdout] 
[INFO] [stdout] 
[INFO] [stdout] error: cannot find macro `vimwiki_paragraph` in this scope
[INFO] [stdout]   --> tests/integration/vimwiki_wiki_tips_and_snips_page.rs:42:9
[INFO] [stdout]    |
[INFO] [stdout] 42 |         vimwiki_paragraph! {r#"
[INFO] [stdout]    |         ^^^^^^^^^^^^^^^^^
[INFO] [stdout] 
[INFO] [stdout] 
[INFO] [stdout] error: cannot find macro `vimwiki_preformatted_text_raw` in this scope
[INFO] [stdout]   --> tests/integration/vimwiki_wiki_tips_and_snips_page.rs:47:9
[INFO] [stdout]    |
[INFO] [stdout] 47 |         vimwiki_preformatted_text_raw! {r#"
[INFO] [stdout]    |         ^^^^^^^^^^^^^^^^^^^^^^^^^^^^^
[INFO] [stdout] 
[INFO] [stdout] 
[INFO] [stdout] error: cannot find macro `vimwiki_header` in this scope
[INFO] [stdout]   --> tests/integration/vimwiki_wiki_tips_and_snips_page.rs:71:9
[INFO] [stdout]    |
[INFO] [stdout] 71 |         vimwiki_header!("== Task Management ==")
[INFO] [stdout]    |         ^^^^^^^^^^^^^^
[INFO] [stdout] 
[INFO] [stdout] 
[INFO] [stdout] error: cannot find macro `vimwiki_paragraph` in this scope
[INFO] [stdout]   --> tests/integration/vimwiki_wiki_tips_and_snips_page.rs:73:9
[INFO] [stdout]    |
[INFO] [stdout] 73 |         vimwiki_paragraph! {r#"
[INFO] [stdout]    |         ^^^^^^^^^^^^^^^^^
[INFO] [stdout] 
[INFO] [stdout] 
[INFO] [stdout] error: cannot find macro `vimwiki_header` in this scope
[INFO] [stdout]   --> tests/integration/vimwiki_wiki_tips_and_snips_page.rs:81:9
[INFO] [stdout]    |
[INFO] [stdout] 81 |         vimwiki_header!("=== Find Incomplete Tasks ===")
[INFO] [stdout]    |         ^^^^^^^^^^^^^^
[INFO] [stdout] 
[INFO] [stdout] 
[INFO] [stdout] error: cannot find macro `vimwiki_paragraph` in this scope
[INFO] [stdout]   --> tests/integration/vimwiki_wiki_tips_and_snips_page.rs:83:9
[INFO] [stdout]    |
[INFO] [stdout] 83 |         vimwiki_paragraph! {r#"
[INFO] [stdout]    |         ^^^^^^^^^^^^^^^^^
[INFO] [stdout] 
[INFO] [stdout] 
[INFO] [stdout] error: cannot find macro `vimwiki_preformatted_text_raw` in this scope
[INFO] [stdout]   --> tests/integration/vimwiki_wiki_tips_and_snips_page.rs:89:9
[INFO] [stdout]    |
[INFO] [stdout] 89 |         vimwiki_preformatted_text_raw! {r#"
[INFO] [stdout]    |         ^^^^^^^^^^^^^^^^^^^^^^^^^^^^^
[INFO] [stdout] 
[INFO] [stdout] 
[INFO] [stdout] error: cannot find macro `vimwiki_header` in this scope
[INFO] [stdout]    --> tests/integration/vimwiki_wiki_tips_and_snips_page.rs:106:9
[INFO] [stdout]     |
[INFO] [stdout] 106 |         vimwiki_header!("== Encrypting Vimwiki pages ==")
[INFO] [stdout]     |         ^^^^^^^^^^^^^^
[INFO] [stdout] 
[INFO] [stdout] 
[INFO] [stdout] error: cannot find macro `vimwiki_paragraph` in this scope
[INFO] [stdout]    --> tests/integration/vimwiki_wiki_tips_and_snips_page.rs:108:9
[INFO] [stdout]     |
[INFO] [stdout] 108 |         vimwiki_paragraph! {r#"
[INFO] [stdout]     |         ^^^^^^^^^^^^^^^^^
[INFO] [stdout] 
[INFO] [stdout] 
[INFO] [stdout] error: cannot find macro `vimwiki_preformatted_text_raw` in this scope
[INFO] [stdout]    --> tests/integration/vimwiki_wiki_tips_and_snips_page.rs:113:9
[INFO] [stdout]     |
[INFO] [stdout] 113 |         vimwiki_preformatted_text_raw! {r#"
[INFO] [stdout]     |         ^^^^^^^^^^^^^^^^^^^^^^^^^^^^^
[INFO] [stdout] 
[INFO] [stdout] 
[INFO] [stdout] error: cannot find macro `vimwiki_paragraph` in this scope
[INFO] [stdout]    --> tests/integration/vimwiki_wiki_tips_and_snips_page.rs:119:9
[INFO] [stdout]     |
[INFO] [stdout] 119 |         vimwiki_paragraph! {r#"
[INFO] [stdout]     |         ^^^^^^^^^^^^^^^^^
[INFO] [stdout] 
[INFO] [stdout] 
[INFO] [stdout] error: cannot find macro `vimwiki_paragraph` in this scope
[INFO] [stdout]    --> tests/integration/vimwiki_wiki_tips_and_snips_page.rs:126:9
[INFO] [stdout]     |
[INFO] [stdout] 126 |         vimwiki_paragraph! {r#"
[INFO] [stdout]     |         ^^^^^^^^^^^^^^^^^
[INFO] [stdout] 
[INFO] [stdout] 
[INFO] [stdout] error: cannot find macro `vimwiki_header` in this scope
[INFO] [stdout]    --> tests/integration/vimwiki_wiki_tips_and_snips_page.rs:131:9
[INFO] [stdout]     |
[INFO] [stdout] 131 |         vimwiki_header!("== Cite entries from bibtex library ==")
[INFO] [stdout]     |         ^^^^^^^^^^^^^^
[INFO] [stdout] 
[INFO] [stdout] 
[INFO] [stdout] error: cannot find macro `vimwiki_paragraph` in this scope
[INFO] [stdout]    --> tests/integration/vimwiki_wiki_tips_and_snips_page.rs:133:9
[INFO] [stdout]     |
[INFO] [stdout] 133 |         vimwiki_paragraph! {r#"
[INFO] [stdout]     |         ^^^^^^^^^^^^^^^^^
[INFO] [stdout] 
[INFO] [stdout] 
[INFO] [stdout] error: cannot find macro `vimwiki_header` in this scope
[INFO] [stdout]    --> tests/integration/vimwiki_wiki_tips_and_snips_page.rs:137:9
[INFO] [stdout]     |
[INFO] [stdout] 137 |         vimwiki_header!("== FAQ ==")
[INFO] [stdout]     |         ^^^^^^^^^^^^^^
[INFO] [stdout] 
[INFO] [stdout] 
[INFO] [stdout] error: cannot find macro `vimwiki_header` in this scope
[INFO] [stdout]    --> tests/integration/vimwiki_wiki_tips_and_snips_page.rs:139:9
[INFO] [stdout]     |
[INFO] [stdout] 139 |         vimwiki_header!("=== General ===")
[INFO] [stdout]     |         ^^^^^^^^^^^^^^
[INFO] [stdout] 
[INFO] [stdout] 
[INFO] [stdout] error: cannot find macro `vimwiki_header` in this scope
[INFO] [stdout]    --> tests/integration/vimwiki_wiki_tips_and_snips_page.rs:141:9
[INFO] [stdout]     |
[INFO] [stdout] 141 |         vimwiki_header!("==== How to change the folder of the wiki? ====")
[INFO] [stdout]     |         ^^^^^^^^^^^^^^
[INFO] [stdout] 
[INFO] [stdout] 
[INFO] [stdout] error: cannot find macro `vimwiki_paragraph` in this scope
[INFO] [stdout]    --> tests/integration/vimwiki_wiki_tips_and_snips_page.rs:143:9
[INFO] [stdout]     |
[INFO] [stdout] 143 |         vimwiki_paragraph! {r#"
[INFO] [stdout]     |         ^^^^^^^^^^^^^^^^^
[INFO] [stdout] 
[INFO] [stdout] 
[INFO] [stdout] error: cannot find macro `vimwiki_preformatted_text_raw` in this scope
[INFO] [stdout]    --> tests/integration/vimwiki_wiki_tips_and_snips_page.rs:148:9
[INFO] [stdout]     |
[INFO] [stdout] 148 |         vimwiki_preformatted_text_raw! {r#"
[INFO] [stdout]     |         ^^^^^^^^^^^^^^^^^^^^^^^^^^^^^
[INFO] [stdout] 
[INFO] [stdout] 
[INFO] [stdout] error: cannot find macro `vimwiki_header` in this scope
[INFO] [stdout]    --> tests/integration/vimwiki_wiki_tips_and_snips_page.rs:155:9
[INFO] [stdout]     |
[INFO] [stdout] 155 |         vimwiki_header!("==== Can I start Vimwiki directly from shell? ====")
[INFO] [stdout]     |         ^^^^^^^^^^^^^^
[INFO] [stdout] 
[INFO] [stdout] 
[INFO] [stdout] error: cannot find macro `vimwiki_paragraph` in this scope
[INFO] [stdout]    --> tests/integration/vimwiki_wiki_tips_and_snips_page.rs:157:9
[INFO] [stdout]     |
[INFO] [stdout] 157 |         vimwiki_paragraph! {r#"
[INFO] [stdout]     |         ^^^^^^^^^^^^^^^^^
[INFO] [stdout] 
[INFO] [stdout] 
[INFO] [stdout] error: cannot find macro `vimwiki_preformatted_text_raw` in this scope
[INFO] [stdout]    --> tests/integration/vimwiki_wiki_tips_and_snips_page.rs:161:9
[INFO] [stdout]     |
[INFO] [stdout] 161 |         vimwiki_preformatted_text_raw! {r#"
[INFO] [stdout]     |         ^^^^^^^^^^^^^^^^^^^^^^^^^^^^^
[INFO] [stdout] 
[INFO] [stdout] 
[INFO] [stdout] error: cannot find macro `vimwiki_paragraph` in this scope
[INFO] [stdout]    --> tests/integration/vimwiki_wiki_tips_and_snips_page.rs:167:9
[INFO] [stdout]     |
[INFO] [stdout] 167 |         vimwiki_paragraph! {r#"
[INFO] [stdout]     |         ^^^^^^^^^^^^^^^^^
[INFO] [stdout] 
[INFO] [stdout] 
[INFO] [stdout] error: cannot find macro `vimwiki_preformatted_text_raw` in this scope
[INFO] [stdout]    --> tests/integration/vimwiki_wiki_tips_and_snips_page.rs:172:9
[INFO] [stdout]     |
[INFO] [stdout] 172 |         vimwiki_preformatted_text_raw! {r#"
[INFO] [stdout]     |         ^^^^^^^^^^^^^^^^^^^^^^^^^^^^^
[INFO] [stdout] 
[INFO] [stdout] 
[INFO] [stdout] error: cannot find macro `vimwiki_header` in this scope
[INFO] [stdout]    --> tests/integration/vimwiki_wiki_tips_and_snips_page.rs:179:9
[INFO] [stdout]     |
[INFO] [stdout] 179 |         vimwiki_header!("==== Useful shell function for git integration and launch ====")
[INFO] [stdout]     |         ^^^^^^^^^^^^^^
[INFO] [stdout] 
[INFO] [stdout] 
[INFO] [stdout] error: cannot find macro `vimwiki_paragraph` in this scope
[INFO] [stdout]    --> tests/integration/vimwiki_wiki_tips_and_snips_page.rs:181:9
[INFO] [stdout]     |
[INFO] [stdout] 181 |         vimwiki_paragraph! {r#"
[INFO] [stdout]     |         ^^^^^^^^^^^^^^^^^
[INFO] [stdout] 
[INFO] [stdout] 
[INFO] [stdout] error: cannot find macro `vimwiki_preformatted_text_raw` in this scope
[INFO] [stdout]    --> tests/integration/vimwiki_wiki_tips_and_snips_page.rs:187:9
[INFO] [stdout]     |
[INFO] [stdout] 187 |         vimwiki_preformatted_text_raw! {r#"
[INFO] [stdout]     |         ^^^^^^^^^^^^^^^^^^^^^^^^^^^^^
[INFO] [stdout] 
[INFO] [stdout] 
[INFO] [stdout] error: cannot find macro `vimwiki_paragraph` in this scope
[INFO] [stdout]    --> tests/integration/vimwiki_wiki_tips_and_snips_page.rs:203:9
[INFO] [stdout]     |
[INFO] [stdout] 203 |         vimwiki_paragraph! {r#"
[INFO] [stdout]     |         ^^^^^^^^^^^^^^^^^
[INFO] [stdout] 
[INFO] [stdout] 
[INFO] [stdout] error: cannot find macro `vimwiki_header` in this scope
[INFO] [stdout]    --> tests/integration/vimwiki_wiki_tips_and_snips_page.rs:208:9
[INFO] [stdout]     |
[INFO] [stdout] 208 |         vimwiki_header!("=== Markdown ===")
[INFO] [stdout]     |         ^^^^^^^^^^^^^^
[INFO] [stdout] 
[INFO] [stdout] 
[INFO] [stdout] error: cannot find macro `vimwiki_header` in this scope
[INFO] [stdout]    --> tests/integration/vimwiki_wiki_tips_and_snips_page.rs:210:9
[INFO] [stdout]     |
[INFO] [stdout] 210 |         vimwiki_header!("==== How do I use markdown syntax for my wikis? ====")
[INFO] [stdout]     |         ^^^^^^^^^^^^^^
[INFO] [stdout] 
[INFO] [stdout] 
[INFO] [stdout] error: cannot find macro `vimwiki_paragraph` in this scope
[INFO] [stdout]    --> tests/integration/vimwiki_wiki_tips_and_snips_page.rs:212:9
[INFO] [stdout]     |
[INFO] [stdout] 212 |         vimwiki_paragraph! {r#"
[INFO] [stdout]     |         ^^^^^^^^^^^^^^^^^
[INFO] [stdout] 
[INFO] [stdout] 
[INFO] [stdout] error: cannot find macro `vimwiki_preformatted_text_raw` in this scope
[INFO] [stdout]    --> tests/integration/vimwiki_wiki_tips_and_snips_page.rs:218:9
[INFO] [stdout]     |
[INFO] [stdout] 218 |         vimwiki_preformatted_text_raw! {r#"
[INFO] [stdout]     |         ^^^^^^^^^^^^^^^^^^^^^^^^^^^^^
[INFO] [stdout] 
[INFO] [stdout] 
[INFO] [stdout] error: cannot find macro `vimwiki_header` in this scope
[INFO] [stdout]    --> tests/integration/vimwiki_wiki_tips_and_snips_page.rs:225:9
[INFO] [stdout]     |
[INFO] [stdout] 225 |         vimwiki_header!("==== Vimwiki considers every markdown-file as a wiki file ====")
[INFO] [stdout]     |         ^^^^^^^^^^^^^^
[INFO] [stdout] 
[INFO] [stdout] 
[INFO] [stdout] error: cannot find macro `vimwiki_paragraph` in this scope
[INFO] [stdout]    --> tests/integration/vimwiki_wiki_tips_and_snips_page.rs:227:9
[INFO] [stdout]     |
[INFO] [stdout] 227 |         vimwiki_paragraph! {r#"
[INFO] [stdout]     |         ^^^^^^^^^^^^^^^^^
[INFO] [stdout] 
[INFO] [stdout] 
[INFO] [stdout] error: cannot find macro `vimwiki_preformatted_text_raw` in this scope
[INFO] [stdout]    --> tests/integration/vimwiki_wiki_tips_and_snips_page.rs:232:9
[INFO] [stdout]     |
[INFO] [stdout] 232 |         vimwiki_preformatted_text_raw! {r#"
[INFO] [stdout]     |         ^^^^^^^^^^^^^^^^^^^^^^^^^^^^^
[INFO] [stdout] 
[INFO] [stdout] 
[INFO] [stdout] error: cannot find macro `vimwiki_paragraph` in this scope
[INFO] [stdout]    --> tests/integration/vimwiki_wiki_tips_and_snips_page.rs:238:9
[INFO] [stdout]     |
[INFO] [stdout] 238 |         vimwiki_paragraph! {r#"
[INFO] [stdout]     |         ^^^^^^^^^^^^^^^^^
[INFO] [stdout] 
[INFO] [stdout] 
[INFO] [stdout] error: cannot find macro `vimwiki_header` in this scope
[INFO] [stdout]    --> tests/integration/vimwiki_wiki_tips_and_snips_page.rs:243:9
[INFO] [stdout]     |
[INFO] [stdout] 243 |         vimwiki_header!("== Got Other Great Ideas You'd Like to Share? ==")
[INFO] [stdout]     |         ^^^^^^^^^^^^^^
[INFO] [stdout] 
[INFO] [stdout] 
[INFO] [stdout] error: cannot find macro `vimwiki_paragraph` in this scope
[INFO] [stdout]    --> tests/integration/vimwiki_wiki_tips_and_snips_page.rs:245:9
[INFO] [stdout]     |
[INFO] [stdout] 245 |         vimwiki_paragraph! {r#"
[INFO] [stdout]     |         ^^^^^^^^^^^^^^^^^
[INFO] [stdout] 
[INFO] [stdout] 
[INFO] [stdout] error: cannot find macro `vimwiki_header` in this scope
[INFO] [stdout]   --> tests/integration/vimwiki_wiki_troubleshooting_page.rs:10:9
[INFO] [stdout]    |
[INFO] [stdout] 10 |         vimwiki_header!("= Troubleshooting =")
[INFO] [stdout]    |         ^^^^^^^^^^^^^^
[INFO] [stdout] 
[INFO] [stdout] 
[INFO] [stdout] error: cannot find macro `vimwiki_header` in this scope
[INFO] [stdout]   --> tests/integration/vimwiki_wiki_troubleshooting_page.rs:12:9
[INFO] [stdout]    |
[INFO] [stdout] 12 |         vimwiki_header!("== Minimal Vimrc ==")
[INFO] [stdout]    |         ^^^^^^^^^^^^^^
[INFO] [stdout] 
[INFO] [stdout] 
[INFO] [stdout] error: cannot find macro `vimwiki_paragraph` in this scope
[INFO] [stdout]   --> tests/integration/vimwiki_wiki_troubleshooting_page.rs:14:9
[INFO] [stdout]    |
[INFO] [stdout] 14 |         vimwiki_paragraph! {r#"
[INFO] [stdout]    |         ^^^^^^^^^^^^^^^^^
[INFO] [stdout] 
[INFO] [stdout] 
[INFO] [stdout] error: cannot find macro `vimwiki_list` in this scope
[INFO] [stdout]   --> tests/integration/vimwiki_wiki_troubleshooting_page.rs:19:9
[INFO] [stdout]    |
[INFO] [stdout] 19 |         vimwiki_list! {r#"
[INFO] [stdout]    |         ^^^^^^^^^^^^
[INFO] [stdout] 
[INFO] [stdout] 
[INFO] [stdout] error: aborting due to 165 previous errors
[INFO] [stdout] 
[INFO] [stdout] 
[INFO] [stdout] For more information about this error, try `rustc --explain E0432`.
[INFO] [stdout] 
[INFO] [stderr] error: could not compile `vimwiki`
[INFO] [stderr] 
[INFO] [stderr] To learn more, run the command again with --verbose.
[INFO] [stderr] warning: build failed, waiting for other jobs to finish...
[INFO] [stdout] warning: unused import: `crate::Region`
[INFO] [stdout]    --> src/lang/parsers/utils/convert.rs:111:9
[INFO] [stdout]     |
[INFO] [stdout] 111 |     use crate::Region;
[INFO] [stdout]     |         ^^^^^^^^^^^^^
[INFO] [stdout]     |
[INFO] [stdout]     = note: `#[warn(unused_imports)]` on by default
[INFO] [stdout] 
[INFO] [stdout] 
[INFO] [stdout] warning: 1 warning emitted
[INFO] [stdout] 
[INFO] [stdout] 
[INFO] [stderr] error: build failed
[INFO] running `Command { std: "docker" "inspect" "6b47ea1fd298d070dd842948b9d4398daeae8cd3eca346a215df52087a43e48f", kill_on_drop: false }`
[INFO] running `Command { std: "docker" "rm" "-f" "6b47ea1fd298d070dd842948b9d4398daeae8cd3eca346a215df52087a43e48f", kill_on_drop: false }`
[INFO] [stdout] 6b47ea1fd298d070dd842948b9d4398daeae8cd3eca346a215df52087a43e48f
